 58 = -0*l - 3*l + 2*z. Let j = -16 - l. Suppose 4*s + r - 228 = j, 3*s - 2*r - 160 = -0*r. What is the tens digit of s?
5
Suppose 3*t = -5*d + 386, 0 = 2*d - 4*d + 2*t + 148. Suppose 4*x + 2 = -5*b + 29, -2*x + 4*b - 6 = 0. Suppose -d = -x*l - 4. What is the tens digit of l?
2
Let n(a) = -21*a - 10. Let q(z) = -4*z**2 + 4*z - 2. Let i be q(2). What is the tens digit of n(i)?
0
Let g be -2 - (-1 - (1 + 4)). Let t be 0/(4/(g - 2)). Suppose t*l = l - 18. What is the units digit of l?
8
Suppose 168 = -2*r + 3*y - 173, 518 = -3*r - 2*y. Let d = r - -259. What is the tens digit of d?
8
Let c be 15/10 + (-1)/(-2). Suppose f - 150 = 3*n, 0*n - c*f = -3*n - 147. Let o = n - -89. What is the units digit of o?
8
Suppose -5*w + 5*q = -1035, 5*w + 2*q + 2*q - 990 = 0. Suppose -2*u + 0*u = -c + w, -c + 4*u = -202. What is the hundreds digit of c?
2
Suppose -u = -5*u + 192. Let i = -429 + 399. Let j = i + u. What is the units digit of j?
8
What is the units digit of ((-28)/49)/((-10)/37065)?
8
Let n(a) be the second derivative of a**4/6 + 4*a**3/3 - a**2/2 - 2*a. What is the units digit of n(-7)?
1
Let u be (-2)/4*0 + 25. Let l be (6 - (1 + -155))*1/2. Suppose -3*s = -u - l. What is the tens digit of s?
3
Let m = 1247 - 383. What is the tens digit of m?
6
Let x(z) = 56*z**2 - 4*z - 57. What is the thousands digit of x(7)?
2
Suppose -5*m + 5*r + 860 = 0, 11 = 5*r + 1. Suppose 5*i + 2*h - 304 = 0, 0 = -2*i - i + 3*h + m. What is the tens digit of i?
6
Let r = 19 - 15. Suppose -2*p = p + 6, -g + 21 = r*p. What is the units digit of g?
9
Let t = -48 - -50. Suppose 4*n - 142 - 30 = t*r, -2*n + 98 = 2*r. What is the tens digit of n?
4
Suppose 2*p + 1 = g - 0, -4*p + 4*g = 0. Let r(t) = -4*t - 1. Let l be r(p). Suppose l*z = z + 42. What is the tens digit of z?
2
Let z = 23 - 16. What is the tens digit of 36 + (z - 3) + -4?
3
Let q be (-8)/12 - (-1)/(-3). Let m be 11/1 + (-3)/q. What is the units digit of (m/7)/((-2)/(-32))?
2
Let c = 1872 - 964. What is the hundreds digit of c?
9
Let d be ((-14)/(-3))/7*3. Let i(h) = -7*h**d + 7*h + 4*h**3 - 2*h**3 - h**3 - 6. What is the tens digit of i(7)?
4
Suppose 39*o - 32*o - 8869 = 0. What is the thousands digit of o?
1
Let i(s) = s**2 + 4*s - 5. Let u be i(-7). Let b = -17 - u. Let g = b - -59. What is the tens digit of g?
2
Let v = -36 + 137. Suppose 0 = 2*r - 2*y - 2*y - 86, -v = -2*r - y. Suppose -2*g + r = 1. What is the units digit of g?
4
Suppose 10*g = 54*g - 116600. What is the hundreds digit of g?
6
Let j(z) = 25*z**3 - 5*z**2 + 3. Let r(i) = 4*i - 10. Let d be r(3). What is the units digit of j(d)?
3
Let f be 1/(1*1/(-3)). Let s(z) = -8*z - 12. Let i(j) = -2. Let k(v) = -4*i(v) + s(v). What is the tens digit of k(f)?
2
Let p(s) = -s**3 + 5*s + 5. Let f be p(-2). Suppose 3*r - f = 3*g - 51, r + 73 = 4*g. What is the tens digit of g?
1
Let n = 80 - 14. Suppose 129 = -4*z + 5*s, 0 = 4*z + 2*s + 67 + 83. Let t = n + z. What is the tens digit of t?
3
Let y(t) = 0 - 29*t - 2*t + 3. What is the units digit of y(-2)?
5
Let i(b) = b**3 + 7*b**2 + 9*b - 2. Let z be i(-7). Let q = 168 + z. What is the units digit of q?
3
Let n(g) = 2*g**3 - 45*g**2 - 27*g + 8. Let r(v) = v**3 - 22*v**2 - 14*v + 4. Let t(k) = -4*n(k) + 9*r(k). What is the tens digit of t(19)?
2
Let w(l) = -10*l - 3*l - 12*l + 8*l - 43. What is the hundreds digit of w(-9)?
1
Let n = 21 - 4. Let l = n + -20. Let r(f) = -2*f**3 + 2*f**2 + 5*f + 2. What is the tens digit of r(l)?
5
What is the hundreds digit of 4/18 - (181538/(-126) + 15)?
4
Suppose q + 3385 = 3*a, -3*q - 12 = -0. What is the thousands digit of a?
1
Let d be 1/11 + 9099/99. Let g = d - 40. What is the tens digit of g?
5
What is the tens digit of (-3 + -1)/((-10)/2715)?
8
Let c be ((-18)/12)/((-3)/(-172)). Let h = -52 - c. What is the tens digit of h?
3
Let j be 361/76 + 6/(-8) + 1. Suppose -f + 1 = 4*r, -r - 21 = j*f - 64. What is the units digit of f?
9
Let q be (1 - 44/(-12))*3. Suppose q + 57 = v. What is the tens digit of v?
7
Let p(r) = 5*r - 5*r + r**2 + 6*r + 7. Let y = -5 - 2. What is the units digit of p(y)?
4
Let u(y) = 7*y + 20. What is the tens digit of u(5)?
5
Let g be (-1)/3 + (-926)/(-6). Suppose 6*o = -52 + g. What is the units digit of o?
7
Let d = -12 + 14. Suppose d*s = 2*k - s + 20, 5*s = 2*k + 20. What is the tens digit of 280/25 - (-2)/k?
1
Suppose -4*z + 8284 = -2*i + 5*i, 11043 = 4*i + 3*z. What is the units digit of i?
0
Let h = 2 - -7. Suppose 6 = -c - 2*k, 2*c - h = c + 3*k. Let s = 2 - c. What is the units digit of s?
2
Let s be 1*(0 - (0 - -8)). Let j be -2*2/(s/10). Suppose 0*b + j*z + 36 = b, -3*z - 6 = 0. What is the tens digit of b?
2
Let i be 28/10 - (-1)/5. Let n be -3 - 5/(-3)*i. Suppose -n*o + 150 = 3*o. What is the units digit of o?
0
Let k(l) = 77*l**2 - 2*l - 7. What is the hundreds digit of k(-2)?
3
Let w(r) = -3*r**3 - r**2 + 8*r + 6. Let o be w(-4). Let n = -53 + o. What is the units digit of n?
7
Let q(r) = r**2 + 14*r - 9. Let b be q(-15). Suppose -b*t + 11*t - 430 = 0. What is the units digit of t?
6
Let l = -78 - -80. What is the units digit of (576/40 - 4)/(l/10)?
2
Let u(r) = r**3 - 14*r**2 - 2*r + 18. Let l be u(14). Let s(z) be the third derivative of z**5/30 + 5*z**4/8 - z**2. What is the tens digit of s(l)?
5
Suppose 9*v - 14*v = -2975. What is the hundreds digit of v?
5
Suppose -4*h = -2*r + 3234, -28*r + 3231 = -26*r - h. What is the tens digit of r?
1
Let d(s) = -s**3 - 7*s**2 - 5*s - 3. Let y be d(-6). Let w = -31 + 15. Let x = y - w. What is the units digit of x?
7
Let k(o) = 206*o - 26. Let v be k(2). Let b = -137 + v. What is the hundreds digit of b?
2
Let v = 27 + -22. Suppose -291 = -2*b + v*z, 4*b - 5*z + 357 = 934. What is the tens digit of b?
4
Let i = -13 + 16. Suppose -j + 32 = -i*j. What is the tens digit of 8/j + 94/4?
2
Let z(c) = -15*c + 54. Let b be z(5). What is the units digit of 0/b - (-1)/(2/4)?
2
Let u be -4 - 1/(3606/1203 + -3). Suppose 9*o - u = 179. What is the tens digit of o?
6
Let j(z) = 2*z**2 - 3*z - 4 + 2 + 0. Let b be j(3). Let k = b - 5. What is the units digit of k?
2
Let d(q) = 2*q**3 - 3*q**2 - 127*q - 33. What is the tens digit of d(14)?
8
Suppose 19*a = 20*a + 12. What is the tens digit of (-3)/a + (-571)/(-4)?
4
Suppose -70*k - 28 = -72*k. What is the units digit of 2/7 - (-2 + (-3524)/k)?
4
Let b(r) = 3*r**2 - 19*r + 4. Let j be b(8). Let d = 12 + j. What is the tens digit of d?
5
Suppose -3*l = -w + 2*l + 14, 0 = 3*w + 4*l - 4. Suppose -4*t + w = 0, 0*x - 4*t = -3*x + 722. What is the hundreds digit of x?
2
What is the units digit of 24/(-66) + 85452/132?
7
Suppose -32 = -2*r - 2*r. Suppose 0*u = -u + 22. Let h = u - r. What is the tens digit of h?
1
Suppose 0 = 100*j - 83*j - 16235. What is the tens digit of j?
5
Suppose 41*z - 2016 = 48*z. What is the units digit of (-3)/(-15) + z/(-10)?
9
What is the units digit of (-44827)/(-69) - 6/9?
9
Let w(a) = 24*a**3 - 1. Let x = 11 - 11. Suppose -s + 2*y + 2 + 1 = 0, 5*s - 4*y - 9 = x. What is the tens digit of w(s)?
2
Let z be (1 - (4 + -5))*40. Suppose v = 5*h - 4*v - 95, 0 = -4*h + 2*v + z. Suppose 5*j - h - 14 = -2*q, -4*j = -4. What is the units digit of q?
5
Let f = 23 + -21. Suppose 0 = 2*b + f*w + 42, 23 = -2*b - w - 24. What is the tens digit of 1*26*(-39)/b?
3
Let j(d) = d**3 + 13*d**2 - 12*d + 4. What is the tens digit of j(-10)?
2
Let g be -3*((-140)/6)/5. Let w be 6/21 + (-4)/g. Suppose w = 4*y - 4*r + 22 - 98, -3*y + 33 = 3*r. What is the tens digit of y?
1
Suppose 5*r - 201 = -q + 481, 4*r = 3*q - 1970. What is the hundreds digit of q?
6
Suppose -2*u - 3*y = -74, -3*y + 156 + 20 = 5*u. Let x be 30/4*110/15. Let b = x - u. What is the units digit of b?
1
Suppose 0 = 2*i - 2*b + 50, -b = -5*i + 55 - 168. What is the units digit of (-10)/55 + (-70)/i?
3
Let w(d) = d**2 - 8*d + 6. Let h be w(5). Let g = h - -26. Suppose -2*b = -5*v - 49 - g, 0 = -4*b - 3*v + 184. What is the tens digit of b?
4
Suppose -5*w = -4*c + 99 + 92, w = 4*c - 51. Let x = 52 + w. What is the units digit of x?
7
Let m(j) = -j**2 + 10*j - 13. Let d be m(8). Let a(p) = -14*p**d - 4 + 9*p + 9*p**3 + 5*p**2 + 4*p**3 + 1. What is the tens digit of a(6)?
1
Suppose 9 = 4*z - z. Let x(c) = -2*c + 4. Let d be x(z). Let g(y) = -3*y**3 + 3*y**2 + 4*y + 5. What is the units digit